isor of d and o.
14
Suppose 3*w + 2*x + 9 - 49 = 0, -5*w + x = -71. Let h be ((-42)/4)/(3/(-16)). What is the highest common factor of w and h?
14
Suppose 2*i + 2*i - 16 = 0. Suppose y = -3*y - i*p + 48, 5*y = 4*p + 15. What is the greatest common factor of y and 35?
7
Suppose s = 11*s - 520. What is the highest common divisor of 26 and s?
26
Let d(x) be the first derivative of -x**2/2 - 4*x + 2. Let i be d(0). Let g = 39 + i. What is the greatest common factor of 5 and g?
5
Let d be (1 - -1)/((-4)/(-6)). Let h be d/(-9)*(-7 + 1). Suppose h*t - 3*t + 14 = 0. What is the highest common divisor of 112 and t?
14
Suppose -2*y = 2*y - 16. Let r be 0 - -2 - (-1 + -1). What is the highest common factor of r and y?
4
Let l(i) = -i**3 + 5*i**2 + 8*i - 10. Let o be l(6). Let h = 5 + -3. Suppose 0*g - h*g = -2. What is the highest common divisor of g and o?
1
Let o = -3 - -3. Suppose -4*g = -76 - o. Suppose -g - 26 = -3*b. What is the highest common divisor of b and 30?
15
Let j(s) be the first derivative of 10/3*s**3 + 2 + s - s**2. Let a be j(-2). What is the highest common factor of 15 and a?
15
Let s be 2/3*27/6. Let v be -2 + 4*6/8. Let h be (-1)/(v/s) - -7. What is the greatest common divisor of 4 and h?
4
Let h = -12 + 14. Suppose -h*l + 41 + 3 = 0. What is the highest common factor of 33 and l?
11
Let s = 46 - 35. Calculate the highest common factor of 33 and s.
11
Suppose -2*l = -3*v - l + 576, 0 = 4*v - 3*l - 768. Let g be (12 + 0)/(2/4). Calculate the highest common factor of v and g.
24
Let x(q) = 5*q**3 + 2*q**2 - 3*q + 2. Let b be x(2). Suppose 2*l - 42 = 46. Suppose -2*g + l = 2*g. Calculate the greatest common factor of g and b.
11
Let l = -1 + 25. Suppose 3*w - 63 = -l. What is the highest common divisor of w and 65?
13
Suppose 5 = -x, -w + 2*x - 46 + 123 = 0. Suppose -3*l = -w + 10. Calculate the highest common factor of 76 and l.
19
Suppose -l - 6 = -3*l - i, 0 = 2*i - 4. Suppose -l*u = -7*u + 25. Suppose 16 = u*w - 34. What is the greatest common divisor of w and 60?
10
Let k = -77 - -93. What is the highest common factor of k and 176?
16
Suppose 1318 + 1910 = -4*w. Let f be w/(-9) + 2/6. Suppose -2*s - 1 + 21 = 0. Calculate the greatest common factor of f and s.
10
Let h = 9 + -8. Suppose 2*d = -2*n + 4*n - 4, 4*d + 2*n - 4 = 0. Let u = h + d. Calculate the greatest common factor of 7 and u.
1
Let m = 148 - 43. What is the greatest common divisor of 30 and m?
15
Let w(u) = u**2 - 8*u + 15. Let b be w(6). Calculate the highest common divisor of 24 and b.
3
Let y be 2*1*155/10. Suppose 2*k - 45 = y. Calculate the greatest common factor of k and 57.
19
Let q be 3 - (46/4)/(1/(-2)). What is the highest common factor of 65 and q?
13
Let m be 8/(-32) - (-3194)/8. Suppose -2*y + 302 = n + 2*n, 0 = 4*n - y - m. Calculate the highest common divisor of 40 and n.
20
Suppose 0 = w - 11 + 3. Let z be -2 + 6 + 1 - 0. Suppose -z*s = -w - 12. Calculate the highest common divisor of s and 4.
4
Suppose 4*k + 69 = 261. Suppose 24 = -29*n + 31*n. What is the highest common factor of n and k?
12
Suppose 4*x - 98 = 2*a, -x + 13 + 12 = -a. Suppose 2*r = r + x. What is the highest common factor of 6 and r?
6
Let b(n) = -n**3 + 11*n**2 + 3*n + 8. Let u be b(11). Calculate the greatest common factor of u and 410.
41
Let f(t) = t**2 + 9*t + 22. Let y be f(-2). Calculate the greatest common divisor of 64 and y.
8
Let m = -30 + 68. Calculate the greatest common factor of 76 and m.
38
Suppose 4 = -2*u - 5*a + 125, 5 = a. Calculate the highest common factor of u and 12.
12
Suppose -863 = 5*k + 112. Let d be ((-2)/6)/(5/k). Let i(y) = 7*y**2 + y. Let u be i(-2). Calculate the greatest common factor of d and u.
13
Let q = 26 + -11. Calculate the highest common divisor of q and 75.
15
Let u = 7 - 7. Suppose 0 = a - 4*a - w + 74, -2*a - 5*w + 45 = u. What is the highest common divisor of 50 and a?
25
Suppose 9 + 11 = 5*r. Let o(p) = 2*p**2 - 4*p + 1. Let f be o(r). Calculate the highest common divisor of f and 34.
17
Suppose 8*z - 65 = 159. Calculate the highest common factor of z and 7.
7
Suppose -q = 2*q + 138. Let a = 178 + q. Suppose 8*n - a = 4*n. Calculate the highest common factor of n and 22.
11
Let a be 2 - (-40 - (4 - 2)). Calculate the greatest common factor of 4 and a.
4
Suppose 0 = -5*c - 7*b + 3*b + 4, -3*c + 28 = -4*b. What is the highest common divisor of 16 and c?
4
Let m = -2 + -2. Let t be m/(-6)*27/6. Calculate the highest common divisor of t and 3.
3
Suppose 8*n - 105 = 3*n + 2*f, n - 2*f - 13 = 0. Suppose -4*y + n + 5 = 0. Calculate the greatest common divisor of y and 7.
7
Suppose 0 = 19*m - 22*m + 27. Calculate the greatest common factor of 27 and m.
9
Suppose -2*n - n = -18. Let i(f) = f**3 + f**2. Let u be i(0). Let d(z) = z + 42. Let t be d(u). What is the highest common divisor of n and t?
6
Suppose p - f = 6*p - 19, 4*f = -4*p + 12. Suppose 0 = -p*c + 7 + 17. Calculate the highest common factor of 36 and c.
6
Let l(n) = -n**3 + 6*n**2 - n - 4. Let h be l(4). Calculate the highest common factor of 36 and h.
12
Let w = -30 + 59. Calculate the greatest common divisor of w and 261.
29
Let v(g) = g**2 - 5*g - 1 + 5*g**2 + 5 - g**3 - 2*g. Let l be v(4). Calculate the greatest common divisor of 8 and l.
8
Let x = -10 + 16. What is the highest common factor of x and 54?
6
Let u be (-8058)/(-8) - (-2)/(-8). Suppose -u + 332 = -5*b. Calculate the greatest common divisor of b and 15.
15
Let s be 71/(-6) - (-1)/(-6). Let g be s*((-9)/6)/3. Suppose -51 = -2*p - 15. What is the greatest common factor of g and p?
6
Suppose -56 = -0*b - 7*b. What is the greatest common factor of b and 2?
2
Let l = -28 + 60. Calculate the greatest common factor of l and 80.
16
Let n be 2/7 - 52/(-7)*4. What is the greatest common divisor of n and 75?
15
Suppose 4*d - 366 = -3*u, 159 = 2*u + d - 90. Let m(i) = i**2 - 3*i. Let o be m(-3). What is the greatest common factor of u and o?
18
Let r be -2*(4/(-2))/(-4). Let m = r - -25. What is the greatest common factor of 3 and m?
3
Suppose -2*d = 3*d - 2*r - 122, 0 = -d + 2*r + 26. Let q = 22 + -8. Let c be (-8 - -1)*(-24)/q. What is the highest common factor of d and c?
12
Let k(o) = -o**2 + 6*o. Let x be k(6). Suppose 0 = -l - r - 267, 5*r = -l - x*r - 271. Let n = l + 398. Calculate the highest common divisor of 12 and n.
12
Let l be (3/9 - 1)*-3. Let j = 4 - l. Let g = -38 + 56. Calculate the highest common factor of g and j.
2
Let l(p) = 13*p**2 - p**3 + 1 + 3 + 7*p - 1 - 7*p**2. Let w be l(7). Let z be (-2)/3 + 8/w. What is the highest common factor of z and 22?
2
Suppose -22 = -c + 8. What is the greatest common divisor of 150 and c?
30
Let w(m) = -m**2 - 8*m - 5. Let c be w(-5). Let v be (17/51)/(1/30). What is the highest common factor of v and c?
10
Let l = -5 + 7. Suppose -l - 3 = -q. Calculate the highest common factor of q and 55.
5
Suppose 4*l + 12 = 2*r + 2*r, -4*l - 22 = r. Let n(i) = -7 - 3*i - 8*i + 2. Let w be n(l). What is the highest common factor of w and 10?
10
Let a = 2 + 0. Suppose a*z + 4*i = 22, 3*i - 5 = 5*z - 2*i. Let m be (-5 + 1)/(-5 + z). What is the greatest common divisor of m and 6?
2
Let i = -201 - -202. Suppose u + u = 3*c + 24, -5*u + 42 = -3*c. Suppose -u = -0*v - 2*v. What is the greatest common divisor of i and v?
1
Let x be (-1)/1 + 1*25. Suppose 2*l - 4*t = x - 8, l - 6 = t. Calculate the greatest common factor of l and 36.
4
Suppose 5*c = 10, -2*a + 3*c + 10 = 2*c. Calculate the greatest common factor of 9 and a.
3
Let t(d) = 96*d**3 - 1. Suppose 10*g + 2 = 12*g. Let m be t(g). Calculate the highest common divisor of 19 and m.
19
Let r(k) = -k**3 + 6*k**2 - 6*k + 2. Let z(i) = i**2 - i + 4. Let m be z(0). Let o be r(m). What is the highest common factor of 10 and o?
10
Suppose 8*p - 308 = 1276. Calculate the highest common divisor of p and 18.
18
Let s = -31 - -71. Suppose -3*a + 0 = 2*j + 1, 0 = 5*a + 3*j + 3. Let i = a - -13. Calculate the highest common divisor of i and s.
10
Suppose -2*t + 7 = -17. Let i = t + -8. Calculate the greatest common factor of i and 4.
4
Let w(y) = y**3 - y**2 - y. Let c(z) = 6*z**3 - z**2 + 2*z + 2. Let g(r) = c(r) + w(r). Let l be g(3). What is the greatest common divisor of 16 and l?
16
Suppose p - 5 = 3. Calculate the highest common factor of p 